{"id":17309,"date":"2021-11-16T16:12:19","date_gmt":"2021-11-16T16:12:19","guid":{"rendered":"https:\/\/museosdelbancocentral.org\/?page_id=17309"},"modified":"2023-12-01T14:26:11","modified_gmt":"2023-12-01T14:26:11","slug":"venta-de-moneda-conmemorativa-de-abolicion","status":"publish","type":"page","link":"https:\/\/museosdelbancocentral.org\/eng\/venta-de-moneda-conmemorativa-de-abolicion\/","title":{"rendered":"Venta de Moneda Conmemorativa de la Abolici\u00f3n del Ej\u00e9rcito"},"content":{"rendered":"<div data-elementor-type=\"wp-page\" data-elementor-id=\"17309\" class=\"elementor elementor-17309\">\n\t\t\t\t\t\t<div class=\"elementor-inner\">\n\t\t\t\t<div class=\"elementor-section-wrap\">\n\t\t\t\t\t\t\t\t\t<section class=\"elementor-section elementor-top-section elementor-element elementor-element-178cb0c elementor-section-boxed elementor-section-height-default elementor-section-height-default\" data-id=\"178cb0c\" data-element_type=\"section\">\n\t\t\t\t\t\t<div class=\"elementor-container elementor-column-gap-extended\">\n\t\t\t\t\t\t\t<div class=\"elementor-row\">\n\t\t\t\t\t<div class=\"elementor-column elementor-col-100 elementor-top-column elementor-element elementor-element-8cdc74b sc_inner_width_none sc_content_align_inherit sc_layouts_column_icons_position_left\" data-id=\"8cdc74b\" data-element_type=\"column\">\n\t\t\t<div class=\"elementor-column-wrap elementor-element-populated\">\n\t\t\t\t\t\t\t<div class=\"elementor-widget-wrap\">\n\t\t\t\t\t\t<div class=\"elementor-element elementor-element-113200a animation_type_block sc_fly_static elementor-widget elementor-widget-heading\" data-id=\"113200a\" data-element_type=\"widget\" data-widget_type=\"heading.default\">\n\t\t\t\t<div class=\"elementor-widget-container\">\n\t\t\t<h4 class=\"elementor-heading-title elementor-size-large\">Informaci\u00f3n oficial<\/h4>\t\t<\/div>\n\t\t\t\t<\/div>\n\t\t\t\t<div class=\"elementor-element elementor-element-3b4e0a2 animation_type_block sc_fly_static elementor-widget elementor-widget-heading\" data-id=\"3b4e0a2\" data-element_type=\"widget\" data-widget_type=\"heading.default\">\n\t\t\t\t<div class=\"elementor-widget-container\">\n\t\t\t<p class=\"elementor-heading-title elementor-size-large\">Tienda de los Museos BCCR<\/p>\t\t<\/div>\n\t\t\t\t<\/div>\n\t\t\t\t<div class=\"elementor-element elementor-element-3907e0d animation_type_block sc_fly_static elementor-widget elementor-widget-spacer\" data-id=\"3907e0d\" data-element_type=\"widget\" data-widget_type=\"spacer.default\">\n\t\t\t\t<div class=\"elementor-widget-container\">\n\t\t\t\t\t<div class=\"elementor-spacer\">\n\t\t\t<div class=\"elementor-spacer-inner\"><\/div>\n\t\t<\/div>\n\t\t\t\t<\/div>\n\t\t\t\t<\/div>\n\t\t\t\t<div class=\"elementor-element elementor-element-51e7e60 animation_type_block sc_fly_static elementor-widget elementor-widget-image\" data-id=\"51e7e60\" data-element_type=\"widget\" data-widget_type=\"image.default\">\n\t\t\t\t<div class=\"elementor-widget-container\">\n\t\t\t\t\t\t\t\t<div class=\"elementor-image\">\n\t\t\t\t\t\t\t\t\t\t\t\t<img decoding=\"async\" width=\"889\" height=\"293\" data-src=\"https:\/\/museosdelbancocentral.org\/wp-content\/uploads\/2023\/11\/header-moneda-abolicion.png\" class=\"attachment-large size-large lazyload\" alt=\"\" data-srcset=\"https:\/\/museosdelbancocentral.org\/wp-content\/uploads\/2023\/11\/header-moneda-abolicion.png 889w, https:\/\/museosdelbancocentral.org\/wp-content\/uploads\/2023\/11\/header-moneda-abolicion-300x99.png 300w, https:\/\/museosdelbancocentral.org\/wp-content\/uploads\/2023\/11\/header-moneda-abolicion-768x253.png 768w, https:\/\/museosdelbancocentral.org\/wp-content\/uploads\/2023\/11\/header-moneda-abolicion-18x6.png 18w, https:\/\/museosdelbancocentral.org\/wp-content\/uploads\/2023\/11\/header-moneda-abolicion-370x122.png 370w, https:\/\/museosdelbancocentral.org\/wp-content\/uploads\/2023\/11\/header-moneda-abolicion-770x254.png 770w\" data-sizes=\"(max-width: 889px) 100vw, 889px\" src=\"data:image\/svg+xml;base64,PHN2ZyB3aWR0aD0iMSIgaGVpZ2h0PSIxIiB4bWxucz0iaHR0cDovL3d3dy53My5vcmcvMjAwMC9zdmciPjwvc3ZnPg==\" style=\"--smush-placeholder-width: 889px; --smush-placeholder-aspect-ratio: 889\/293;\" \/>\t\t\t\t\t\t\t\t\t\t\t\t\t\t<\/div>\n\t\t\t\t\t\t<\/div>\n\t\t\t\t<\/div>\n\t\t\t\t<div class=\"elementor-element elementor-element-1e20a35 animation_type_block sc_fly_static elementor-widget elementor-widget-spacer\" data-id=\"1e20a35\" data-element_type=\"widget\" data-widget_type=\"spacer.default\">\n\t\t\t\t<div class=\"elementor-widget-container\">\n\t\t\t\t\t<div class=\"elementor-spacer\">\n\t\t\t<div class=\"elementor-spacer-inner\"><\/div>\n\t\t<\/div>\n\t\t\t\t<\/div>\n\t\t\t\t<\/div>\n\t\t\t\t<div class=\"elementor-element elementor-element-86cd9b2 animation_type_block sc_fly_static elementor-widget elementor-widget-heading\" data-id=\"86cd9b2\" data-element_type=\"widget\" data-widget_type=\"heading.default\">\n\t\t\t\t<div class=\"elementor-widget-container\">\n\t\t\t<h2 class=\"elementor-heading-title elementor-size-default\">Venta de la moneda conmemorativa<\/h2>\t\t<\/div>\n\t\t\t\t<\/div>\n\t\t\t\t<div class=\"elementor-element elementor-element-bf5a1fa animation_type_block sc_fly_static elementor-widget elementor-widget-spacer\" data-id=\"bf5a1fa\" data-element_type=\"widget\" data-widget_type=\"spacer.default\">\n\t\t\t\t<div class=\"elementor-widget-container\">\n\t\t\t\t\t<div class=\"elementor-spacer\">\n\t\t\t<div class=\"elementor-spacer-inner\"><\/div>\n\t\t<\/div>\n\t\t\t\t<\/div>\n\t\t\t\t<\/div>\n\t\t\t\t<div class=\"elementor-element elementor-element-51499be animation_type_block sc_fly_static elementor-widget elementor-widget-heading\" data-id=\"51499be\" data-element_type=\"widget\" data-widget_type=\"heading.default\">\n\t\t\t\t<div class=\"elementor-widget-container\">\n\t\t\t<p class=\"elementor-heading-title elementor-size-large\">75 aniversario de la Abolici\u00f3n del Ej\u00e9rcito<\/p>\t\t<\/div>\n\t\t\t\t<\/div>\n\t\t\t\t<div class=\"elementor-element elementor-element-687d9ed elementor-widget-divider--view-line animation_type_block sc_fly_static elementor-widget elementor-widget-divider\" data-id=\"687d9ed\" data-element_type=\"widget\" data-widget_type=\"divider.default\">\n\t\t\t\t<div class=\"elementor-widget-container\">\n\t\t\t\t\t<div class=\"elementor-divider\">\n\t\t\t<span class=\"elementor-divider-separator\">\n\t\t\t\t\t\t<\/span>\n\t\t<\/div>\n\t\t\t\t<\/div>\n\t\t\t\t<\/div>\n\t\t\t\t<div class=\"elementor-element elementor-element-5d53125 animation_type_block sc_fly_static elementor-widget elementor-widget-spacer\" data-id=\"5d53125\" data-element_type=\"widget\" data-widget_type=\"spacer.default\">\n\t\t\t\t<div class=\"elementor-widget-container\">\n\t\t\t\t\t<div class=\"elementor-spacer\">\n\t\t\t<div class=\"elementor-spacer-inner\"><\/div>\n\t\t<\/div>\n\t\t\t\t<\/div>\n\t\t\t\t<\/div>\n\t\t\t\t<div class=\"elementor-element elementor-element-2953ff9 animation_type_block sc_fly_static elementor-widget elementor-widget-text-editor\" data-id=\"2953ff9\" data-element_type=\"widget\" data-widget_type=\"text-editor.default\">\n\t\t\t\t<div class=\"elementor-widget-container\">\n\t\t\t\t\t\t\t\t<div class=\"elementor-text-editor elementor-clearfix\">\n\t\t\t\t<h5 style=\"text-align: center;\">Versi\u00f3n coleccionable \/ Calidad Proof a color \/ Presentaci\u00f3n en estuche\u00a0<\/h5>\t\t\t\t\t<\/div>\n\t\t\t\t\t\t<\/div>\n\t\t\t\t<\/div>\n\t\t\t\t<div class=\"elementor-element elementor-element-4d69a87 animation_type_block sc_fly_static elementor-widget elementor-widget-spacer\" data-id=\"4d69a87\" data-element_type=\"widget\" data-widget_type=\"spacer.default\">\n\t\t\t\t<div class=\"elementor-widget-container\">\n\t\t\t\t\t<div class=\"elementor-spacer\">\n\t\t\t<div class=\"elementor-spacer-inner\"><\/div>\n\t\t<\/div>\n\t\t\t\t<\/div>\n\t\t\t\t<\/div>\n\t\t\t\t<div class=\"elementor-element elementor-element-7d129b7 animation_type_block sc_fly_static elementor-widget elementor-widget-heading\" data-id=\"7d129b7\" data-element_type=\"widget\" data-widget_type=\"heading.default\">\n\t\t\t\t<div class=\"elementor-widget-container\">\n\t\t\t<h3 class=\"elementor-heading-title elementor-size-default\">Precio 12.883 colones (impuesto incluido)<\/h3>\t\t<\/div>\n\t\t\t\t<\/div>\n\t\t\t\t<div class=\"elementor-element elementor-element-d033c57 elementor-widget-divider--view-line animation_type_block sc_fly_static elementor-widget elementor-widget-divider\" data-id=\"d033c57\" data-element_type=\"widget\" data-widget_type=\"divider.default\">\n\t\t\t\t<div class=\"elementor-widget-container\">\n\t\t\t\t\t<div class=\"elementor-divider\">\n\t\t\t<span class=\"elementor-divider-separator\">\n\t\t\t\t\t\t<\/span>\n\t\t<\/div>\n\t\t\t\t<\/div>\n\t\t\t\t<\/div>\n\t\t\t\t<div class=\"elementor-element elementor-element-1700cb7 animation_type_block sc_fly_static elementor-widget elementor-widget-spacer\" data-id=\"1700cb7\" data-element_type=\"widget\" data-widget_type=\"spacer.default\">\n\t\t\t\t<div class=\"elementor-widget-container\">\n\t\t\t\t\t<div class=\"elementor-spacer\">\n\t\t\t<div class=\"elementor-spacer-inner\"><\/div>\n\t\t<\/div>\n\t\t\t\t<\/div>\n\t\t\t\t<\/div>\n\t\t\t\t<div class=\"elementor-element elementor-element-31656e1 animation_type_block sc_fly_static elementor-widget elementor-widget-heading\" data-id=\"31656e1\" data-element_type=\"widget\" data-widget_type=\"heading.default\">\n\t\t\t\t<div class=\"elementor-widget-container\">\n\t\t\t<h2 class=\"elementor-heading-title elementor-size-default\">\u00bfC\u00f3mo se realizar\u00e1 la venta? <\/h2>\t\t<\/div>\n\t\t\t\t<\/div>\n\t\t\t\t<div class=\"elementor-element elementor-element-6695429 animation_type_block sc_fly_static elementor-widget elementor-widget-spacer\" data-id=\"6695429\" data-element_type=\"widget\" data-widget_type=\"spacer.default\">\n\t\t\t\t<div class=\"elementor-widget-container\">\n\t\t\t\t\t<div class=\"elementor-spacer\">\n\t\t\t<div class=\"elementor-spacer-inner\"><\/div>\n\t\t<\/div>\n\t\t\t\t<\/div>\n\t\t\t\t<\/div>\n\t\t\t\t<div class=\"elementor-element elementor-element-be7fe69 animation_type_block sc_fly_static elementor-widget elementor-widget-text-editor\" data-id=\"be7fe69\" data-element_type=\"widget\" data-widget_type=\"text-editor.default\">\n\t\t\t\t<div class=\"elementor-widget-container\">\n\t\t\t\t\t\t\t\t<div class=\"elementor-text-editor elementor-clearfix\">\n\t\t\t\t<p>Procurando mejorar la atenci\u00f3n brindada a los interesados seg\u00fan la capacidad de nuestra Tienda, la venta se realizar\u00e1 de la siguiente manera:<\/p><ul><li>La tienda de los Museos pondr\u00e1 a la venta <strong>3000 monedas conmemorativas en total.\u00a0<\/strong><\/li><li>Se atender\u00e1n\u00a0<strong>250 personas m\u00e1ximo\u00a0<\/strong>por d\u00eda, para lo cual se\u00a0<strong>asignar\u00e1 una (1) ficha por persona (v\u00e1lida para la compra de m\u00e1ximo 2 ejemplares) a partir\u00a0del lunes 4 de diciembre en horario de 8 a.m. a 4 p.m. en la Plaza de la Cultura.<\/strong><\/li><li>De esta forma,<strong><u>\u00a0las primeras 250 personas<\/u>\u00a0la comprar\u00e1n el mismo 4 de diciembre de 9 a.m. a 3 p.m. en la Tienda.\u00a0<\/strong><\/li><li>Quienes <u><strong>obtengan\u00a0fichas de la 251 a la 3000<\/strong><\/u> se les asignar\u00e1 una fecha de compra <strong>para los siguientes d\u00edas. <\/strong><\/li><li>Una vez que la persona tenga su fecha de compra asignada, <strong>NO SE RECIBIR\u00c1N SOLICITUDES DE\u00a0CAMBIO de d\u00eda bajo ninguna circunstancia.\u00a0<\/strong><\/li><li>La venta se realizar\u00e1 <strong>hasta agotar existencias<\/strong>, <strong>EXCEPTO EL MI\u00c9RCOLES 6 Y EL DOMINGO 10 DE DICIEMBRE (debido a\u00a0tareas de mantenimiento en el Museo).\u00a0<\/strong><\/li><li>La venta se realizar\u00e1\u00a0<strong>en horario de 9 a 3 p.m. <\/strong>No se extender\u00e1 este horario.<\/li><li>Ser\u00e1 <strong><u>requisito indispensable<\/u><\/strong> presentar la ficha asignada y el <strong>documento de identidad en buen estado<\/strong>\u00a0el d\u00eda que le corresponda hacer la compra. No se realizar\u00e1n excepciones por olvido u\u00a0extrav\u00edo de\u00a0estos documentos.<\/li><li>La entrega de fichas y la compra se realizar\u00e1 \u00fanicamente de forma\u00a0<strong>PRESENCIAL.<\/strong><\/li><li>El tr\u00e1mite de la compra es\u00a0<strong>PERSONAL<\/strong>, por lo tanto, se verificar\u00e1 que coincida la identidad de la persona con su documento respectivo.\u00a0<\/li><li>Por solicitud del BCCR, al momento de la compra, se\u00a0<strong>deber\u00e1n registrar los datos personales y\u00a0firma\u00a0<\/strong>del comprador.<\/li><li>No se aceptar\u00e1n\u00a0<strong>documentos de identidad en mal estado.<\/strong>\u00a0<\/li><li>Los mayores de\u00a0<strong>12 a\u00f1os con c\u00e9dula de menor de edad<\/strong>\u00a0pueden comprar las monedas.<\/li><li>Cada comprador deber\u00e1 revisar la moneda en el sitio, pues\u00a0<strong>no se aceptar\u00e1n devoluciones posteriores.<\/strong><\/li><li>Puede hacerse\u00a0<strong>el pago con tarjeta o efectivo.<\/strong>\u00a0<u>No se aceptar\u00e1n pagos por sinpe m\u00f3vil.<\/u><\/li><\/ul>\t\t\t\t\t<\/div>\n\t\t\t\t\t\t<\/div>\n\t\t\t\t<\/div>\n\t\t\t\t<div class=\"elementor-element elementor-element-5b8b5ff animation_type_block sc_fly_static elementor-widget elementor-widget-text-editor\" data-id=\"5b8b5ff\" data-element_type=\"widget\" data-widget_type=\"text-editor.default\">\n\t\t\t\t<div class=\"elementor-widget-container\">\n\t\t\t\t\t\t\t\t<div class=\"elementor-text-editor elementor-clearfix\">\n\t\t\t\t\t\t\t\t\t<\/div>\n\t\t\t\t\t\t<\/div>\n\t\t\t\t<\/div>\n\t\t\t\t<div class=\"elementor-element elementor-element-aae90ed elementor-widget-divider--view-line animation_type_block sc_fly_static elementor-widget elementor-widget-divider\" data-id=\"aae90ed\" data-element_type=\"widget\" data-widget_type=\"divider.default\">\n\t\t\t\t<div class=\"elementor-widget-container\">\n\t\t\t\t\t<div class=\"elementor-divider\">\n\t\t\t<span class=\"elementor-divider-separator\">\n\t\t\t\t\t\t<\/span>\n\t\t<\/div>\n\t\t\t\t<\/div>\n\t\t\t\t<\/div>\n\t\t\t\t\t\t<\/div>\n\t\t\t\t\t<\/div>\n\t\t<\/div>\n\t\t\t\t\t\t\t\t<\/div>\n\t\t\t\t\t<\/div>\n\t\t<\/section>\n\t\t\t\t\t\t\t\t\t<\/div>\n\t\t\t<\/div>\n\t\t\t\t\t<\/div>","protected":false},"excerpt":{"rendered":"<p>Informaci\u00f3n oficial Tienda de los Museos BCCR Venta de la moneda conmemorativa 75 aniversario de la Abolici\u00f3n del Ej\u00e9rcito Versi\u00f3n coleccionable \/ Calidad Proof a color \/ Presentaci\u00f3n en estuche Precio 12.883 colones (impuesto incluido) \u00bfC\u00f3mo se realizar\u00e1 la venta? Procurando mejorar la atenci\u00f3n brindada&hellip;<\/p>","protected":false},"author":2,"featured_media":21660,"parent":0,"menu_order":0,"comment_status":"closed","ping_status":"closed","template":"","meta":{"footnotes":""},"class_list":["post-17309","page","type-page","status-publish","has-post-thumbnail","hentry"],"_links":{"self":[{"href":"https:\/\/museosdelbancocentral.org\/eng\/wp-json\/wp\/v2\/pages\/17309","targetHints":{"allow":["GET"]}}],"collection":[{"href":"https:\/\/museosdelbancocentral.org\/eng\/wp-json\/wp\/v2\/pages"}],"about":[{"href":"https:\/\/museosdelbancocentral.org\/eng\/wp-json\/wp\/v2\/types\/page"}],"author":[{"embeddable":true,"href":"https:\/\/museosdelbancocentral.org\/eng\/wp-json\/wp\/v2\/users\/2"}],"replies":[{"embeddable":true,"href":"https:\/\/museosdelbancocentral.org\/eng\/wp-json\/wp\/v2\/comments?post=17309"}],"version-history":[{"count":41,"href":"https:\/\/museosdelbancocentral.org\/eng\/wp-json\/wp\/v2\/pages\/17309\/revisions"}],"predecessor-version":[{"id":21702,"href":"https:\/\/museosdelbancocentral.org\/eng\/wp-json\/wp\/v2\/pages\/17309\/revisions\/21702"}],"wp:featuredmedia":[{"embeddable":true,"href":"https:\/\/museosdelbancocentral.org\/eng\/wp-json\/wp\/v2\/media\/21660"}],"wp:attachment":[{"href":"https:\/\/museosdelbancocentral.org\/eng\/wp-json\/wp\/v2\/media?parent=17309"}],"curies":[{"name":"wp","href":"https:\/\/api.w.org\/{rel}","templated":true}]}}