{"id":22194,"date":"2024-10-11T22:29:49","date_gmt":"2024-10-11T22:29:49","guid":{"rendered":"https:\/\/museosdelbancocentral.org\/?page_id=22194"},"modified":"2025-01-17T23:15:27","modified_gmt":"2025-01-17T23:15:27","slug":"venta-vehiculo-institucional","status":"publish","type":"page","link":"https:\/\/museosdelbancocentral.org\/eng\/venta-vehiculo-institucional\/","title":{"rendered":"Venta- Veh\u00edculos institucionales"},"content":{"rendered":"<div data-elementor-type=\"wp-page\" data-elementor-id=\"22194\" class=\"elementor elementor-22194\">\n\t\t\t\t\t\t<div class=\"elementor-inner\">\n\t\t\t\t<div class=\"elementor-section-wrap\">\n\t\t\t\t\t\t\t\t\t<section class=\"elementor-section elementor-top-section elementor-element elementor-element-57106414 elementor-section-boxed elementor-section-height-default elementor-section-height-default\" data-id=\"57106414\" data-element_type=\"section\">\n\t\t\t\t\t\t<div class=\"elementor-container elementor-column-gap-extended\">\n\t\t\t\t\t\t\t<div class=\"elementor-row\">\n\t\t\t\t\t<div class=\"elementor-column elementor-col-100 elementor-top-column elementor-element elementor-element-12afba46 sc_inner_width_none sc_content_align_inherit sc_layouts_column_icons_position_left\" data-id=\"12afba46\" data-element_type=\"column\">\n\t\t\t<div class=\"elementor-column-wrap elementor-element-populated\">\n\t\t\t\t\t\t\t<div class=\"elementor-widget-wrap\">\n\t\t\t\t\t\t<div class=\"elementor-element elementor-element-2312672 animation_type_block sc_fly_static elementor-widget elementor-widget-heading\" data-id=\"2312672\" data-element_type=\"widget\" data-widget_type=\"heading.default\">\n\t\t\t\t<div class=\"elementor-widget-container\">\n\t\t\t<h2 class=\"elementor-heading-title elementor-size-default\">VENTA DE VEH\u00cdCULO INSTITUCIONAL<\/h2>\t\t<\/div>\n\t\t\t\t<\/div>\n\t\t\t\t<div class=\"elementor-element elementor-element-ec0e4c9 animation_type_block sc_fly_static elementor-widget elementor-widget-spacer\" data-id=\"ec0e4c9\" data-element_type=\"widget\" data-widget_type=\"spacer.default\">\n\t\t\t\t<div class=\"elementor-widget-container\">\n\t\t\t\t\t<div class=\"elementor-spacer\">\n\t\t\t<div class=\"elementor-spacer-inner\"><\/div>\n\t\t<\/div>\n\t\t\t\t<\/div>\n\t\t\t\t<\/div>\n\t\t\t\t<div class=\"elementor-element elementor-element-0e70eab animation_type_block sc_fly_static elementor-widget elementor-widget-image\" data-id=\"0e70eab\" data-element_type=\"widget\" data-widget_type=\"image.default\">\n\t\t\t\t<div class=\"elementor-widget-container\">\n\t\t\t\t\t\t\t\t<div class=\"elementor-image\">\n\t\t\t\t\t\t\t\t\t\t\t\t<img decoding=\"async\" width=\"1024\" height=\"576\" data-src=\"https:\/\/museosdelbancocentral.org\/wp-content\/uploads\/2025\/01\/Diseno-Subasta-camion-1024x576.png\" class=\"attachment-large size-large lazyload\" alt=\"\" data-srcset=\"https:\/\/museosdelbancocentral.org\/wp-content\/uploads\/2025\/01\/Diseno-Subasta-camion-1024x576.png 1024w, https:\/\/museosdelbancocentral.org\/wp-content\/uploads\/2025\/01\/Diseno-Subasta-camion-300x169.png 300w, https:\/\/museosdelbancocentral.org\/wp-content\/uploads\/2025\/01\/Diseno-Subasta-camion-768x432.png 768w, https:\/\/museosdelbancocentral.org\/wp-content\/uploads\/2025\/01\/Diseno-Subasta-camion-1536x864.png 1536w, https:\/\/museosdelbancocentral.org\/wp-content\/uploads\/2025\/01\/Diseno-Subasta-camion-18x10.png 18w, https:\/\/museosdelbancocentral.org\/wp-content\/uploads\/2025\/01\/Diseno-Subasta-camion-370x208.png 370w, https:\/\/museosdelbancocentral.org\/wp-content\/uploads\/2025\/01\/Diseno-Subasta-camion-1170x658.png 1170w, https:\/\/museosdelbancocentral.org\/wp-content\/uploads\/2025\/01\/Diseno-Subasta-camion-770x433.png 770w, https:\/\/museosdelbancocentral.org\/wp-content\/uploads\/2025\/01\/Diseno-Subasta-camion-270x152.png 270w, https:\/\/museosdelbancocentral.org\/wp-content\/uploads\/2025\/01\/Diseno-Subasta-camion.png 1920w\" data-sizes=\"(max-width: 1024px) 100vw, 1024px\" src=\"data:image\/svg+xml;base64,PHN2ZyB3aWR0aD0iMSIgaGVpZ2h0PSIxIiB4bWxucz0iaHR0cDovL3d3dy53My5vcmcvMjAwMC9zdmciPjwvc3ZnPg==\" style=\"--smush-placeholder-width: 1024px; --smush-placeholder-aspect-ratio: 1024\/576;\" \/>\t\t\t\t\t\t\t\t\t\t\t\t\t\t<\/div>\n\t\t\t\t\t\t<\/div>\n\t\t\t\t<\/div>\n\t\t\t\t<div class=\"elementor-element elementor-element-b8bedda animation_type_block sc_fly_static elementor-widget elementor-widget-spacer\" data-id=\"b8bedda\" data-element_type=\"widget\" data-widget_type=\"spacer.default\">\n\t\t\t\t<div class=\"elementor-widget-container\">\n\t\t\t\t\t<div class=\"elementor-spacer\">\n\t\t\t<div class=\"elementor-spacer-inner\"><\/div>\n\t\t<\/div>\n\t\t\t\t<\/div>\n\t\t\t\t<\/div>\n\t\t\t\t<div class=\"elementor-element elementor-element-23fb954 elementor-align-center animation_type_block sc_fly_static elementor-widget elementor-widget-button\" data-id=\"23fb954\" data-element_type=\"widget\" data-widget_type=\"button.default\">\n\t\t\t\t<div class=\"elementor-widget-container\">\n\t\t\t\t\t<div class=\"elementor-button-wrapper\">\n\t\t\t<a href=\"https:\/\/museosdelbancocentral.org\/wp-content\/uploads\/2025\/01\/Cartel-venta-2025VE-000001-FMBCCRa.pdf\" class=\"elementor-button-link elementor-button elementor-size-xl\" role=\"button\">\n\t\t\t\t\t\t<span class=\"elementor-button-content-wrapper\">\n\t\t\t\t\t\t<span class=\"elementor-button-text\">M\u00e1s informaci\u00f3n aqu\u00ed <\/span>\n\t\t<\/span>\n\t\t\t\t\t<\/a>\n\t\t<\/div>\n\t\t\t\t<\/div>\n\t\t\t\t<\/div>\n\t\t\t\t<div class=\"elementor-element elementor-element-70067e0 animation_type_block sc_fly_static elementor-widget elementor-widget-spacer\" data-id=\"70067e0\" data-element_type=\"widget\" data-widget_type=\"spacer.default\">\n\t\t\t\t<div class=\"elementor-widget-container\">\n\t\t\t\t\t<div class=\"elementor-spacer\">\n\t\t\t<div class=\"elementor-spacer-inner\"><\/div>\n\t\t<\/div>\n\t\t\t\t<\/div>\n\t\t\t\t<\/div>\n\t\t\t\t<div class=\"elementor-element elementor-element-7cfc40fb animation_type_block sc_fly_static elementor-widget elementor-widget-text-editor\" data-id=\"7cfc40fb\" data-element_type=\"widget\" data-widget_type=\"text-editor.default\">\n\t\t\t\t<div class=\"elementor-widget-container\">\n\t\t\t\t\t\t\t\t<div class=\"elementor-text-editor elementor-clearfix\">\n\t\t\t\t<h3 class=\"MsoNormal\" style=\"text-align: center;\"><span style=\"font-family: Poppins, sans-serif; font-size: 20px; font-style: normal; font-weight: bold; letter-spacing: 0px;\">Para m\u00e1s informaci\u00f3n cont\u00e1ctenos:\u00a0<\/span><a style=\"font-family: Poppins, sans-serif; font-size: 20px; font-style: normal; font-weight: bold; letter-spacing: 0px; background-color: #ffffff; display: inline !important;\" href=\"mailto:bolanosvj@bccr.fi.cr\/\">bolanosvj@bccr.fi.cr\/<\/a><span style=\"font-family: Poppins, sans-serif; font-size: 20px; font-style: normal; font-weight: bold; letter-spacing: 0px;\">22434215<\/span><\/h3>\t\t\t\t\t<\/div>\n\t\t\t\t\t\t<\/div>\n\t\t\t\t<\/div>\n\t\t\t\t\t\t<\/div>\n\t\t\t\t\t<\/div>\n\t\t<\/div>\n\t\t\t\t\t\t\t\t<\/div>\n\t\t\t\t\t<\/div>\n\t\t<\/section>\n\t\t\t\t\t\t\t\t\t<\/div>\n\t\t\t<\/div>\n\t\t\t\t\t<\/div>","protected":false},"excerpt":{"rendered":"<p>VENTA DE VEH\u00cdCULO INSTITUCIONAL M\u00e1s informaci\u00f3n aqu\u00ed Para m\u00e1s informaci\u00f3n cont\u00e1ctenos:\u00a0bolanosvj@bccr.fi.cr\/22434215<\/p>","protected":false},"author":1,"featured_media":0,"parent":0,"menu_order":0,"comment_status":"closed","ping_status":"closed","template":"","meta":{"footnotes":""},"class_list":["post-22194","page","type-page","status-publish","hentry"],"_links":{"self":[{"href":"https:\/\/museosdelbancocentral.org\/eng\/wp-json\/wp\/v2\/pages\/22194","targetHints":{"allow":["GET"]}}],"collection":[{"href":"https:\/\/museosdelbancocentral.org\/eng\/wp-json\/wp\/v2\/pages"}],"about":[{"href":"https:\/\/museosdelbancocentral.org\/eng\/wp-json\/wp\/v2\/types\/page"}],"author":[{"embeddable":true,"href":"https:\/\/museosdelbancocentral.org\/eng\/wp-json\/wp\/v2\/users\/1"}],"replies":[{"embeddable":true,"href":"https:\/\/museosdelbancocentral.org\/eng\/wp-json\/wp\/v2\/comments?post=22194"}],"version-history":[{"count":38,"href":"https:\/\/museosdelbancocentral.org\/eng\/wp-json\/wp\/v2\/pages\/22194\/revisions"}],"predecessor-version":[{"id":22325,"href":"https:\/\/museosdelbancocentral.org\/eng\/wp-json\/wp\/v2\/pages\/22194\/revisions\/22325"}],"wp:attachment":[{"href":"https:\/\/museosdelbancocentral.org\/eng\/wp-json\/wp\/v2\/media?parent=22194"}],"curies":[{"name":"wp","href":"https:\/\/api.w.org\/{rel}","templated":true}]}}